2.
116
Calculate the highest common factor of 3170 and 2549314.
634
Calculate the highest common factor of 1877454019 and 1637.
1637
What is the greatest common divisor of 142027 and 453113?
109
What is the greatest common factor of 2951060 and 332770?
1070
What is the highest common divisor of 3363105 and 3900234?
4839
Calculate the greatest common factor of 688078989 and 702.
351
Calculate the greatest common factor of 2379872 and 66.
22
Calculate the greatest common factor of 232525 and 43885.
655
What is the highest common factor of 642354 and 20234?
302
What is the greatest common factor of 2169 and 247272266?
241
What is the highest common factor of 1203 and 16905759?
1203
Calculate the greatest common divisor of 15632950 and 10950.
3650
Calculate the highest common factor of 3173337 and 726951.
4353
What is the greatest common factor of 591886 and 132?
2
Calculate the greatest common factor of 5632103 and 592.
37
Calculate the highest common divisor of 487224 and 59094.
1206
What is the highest common factor of 915 and 3142415?
305
Calculate the greatest common factor of 546 and 1871646.
42
What is the greatest common factor of 74807 and 3092753?
313
Calculate the highest common divisor of 22126 and 389129.
481
What is the highest common factor of 638 and 9372638?
22
Calculate the greatest common factor of 703 and 3868628.
19
Calculate the greatest common factor of 182 and 144002488.
14
Calculate the highest common divisor of 9828 and 942732.
756
What is the greatest common divisor of 1136158 and 968628?
3046
Calculate the highest common factor of 1786982848 and 64.
64
What is the greatest common factor of 607373 and 7371?
13
What is the greatest common factor of 16887 and 70200?
39
What is the greatest common factor of 797392 and 179912?
344
What is the greatest common divisor of 16695 and 1916103?
21
Calculate the greatest common factor of 3763 and 591427.
53
What is the highest common factor of 2340116 and 106723?
779
What is the highest common factor of 10062391 and 29?
29
What is the greatest common factor of 9030890 and 950?
190
Calculate the highest common divisor of 1565505 and 800280.
855
What is the greatest common divisor of 2000 and 2124250?
250
What is the highest common divisor of 333 and 24066354?
111
Calculate the greatest common factor of 3806 and 146696042.
346
What is the greatest common factor of 4856265 and 315?
45
Calculate the greatest common factor of 1893 and 128849569.
631
Calculate the highest common divisor of 250 and 513626375.
125
What is the highest common factor of 22769487 and 819?
117
What is the highest common factor of 699916 and 16?
4
What is the highest common divisor of 3035 and 143845039?
607
What is the highest common divisor of 834554 and 770?
14
Calculate the highest common factor of 2895816 and 3752.
56
What is the highest common factor of 13804 and 12749779?
119
Calculate the highest common divisor of 5 and 14652965.
5
Calculate the greatest common factor of 4094 and 29495846.
178
What is the greatest common divisor of 50 and 88530850?
50
What is the greatest common divisor of 927 and 265534?
103
Calculate the highest common factor of 15170080 and 11328.
1888
What is the greatest common divisor of 3205 and 12305277?
641
Calculate the greatest common factor of 4018269 and 1392.
87
Calculate the greatest common divisor of 8014734 and 26562.
1398
Calculate the highest common factor of 335867843 and 142.
71
Calculate the highest common factor of 15313130 and 490.
70
Calculate the greatest common divisor of 1400 and 309148700.
700
What is the greatest common factor of 26096 and 585762?
466
What is the highest common divisor of 1382050 and 22925?
3275
What is the highest common divisor of 30871347 and 156?
39
Calculate the highest common divisor of 3682066 and 6736.
842
What is the greatest common factor of 3048 and 26367232?
1016
What is the highest common divisor of 11604488 and 18424?
2632
What is the greatest common divisor of 105452 and 486424?
164
What is the highest common divisor of 652192877 and 1022?
511
What is the greatest common factor of 724470 and 430008?
4674
Calculate the highest common divisor of 446295 and 5514.
3
What is the greatest common factor of 108000 and 8532?
108
What is the highest common divisor of 4080168 and 576?
72
What is the greatest common factor of 30 and 789632910?
30
What is the greatest common divisor of 152 and 472321?
19
Calculate the greatest common factor of 79383 and 2418648.
1689
What is the highest common divisor of 5592 and 1990985?
233
What is the greatest common divisor of 11966 and 5087480?
386
Calculate the highest common factor of 49032984 and 69069.
3003
Calculate the highest common divisor of 19059281 and 7343.
1049
What is the highest common factor of 24 and 59576?
8
What is the highest common factor of 78 and 62624432?
26
What is the highest common divisor of 151 and 7808814?
151
Calculate the highest common factor of 32538288 and 144384.
2256
Calculate the greatest common divisor of 1155 and 471450945.
105
What is the highest common divisor of 1051344 and 926352?
1008
What is the highest common factor of 4347803911 and 3047?
3047
What is the greatest common divisor of 2427601 and 80993?
2189
Calculate the greatest common divisor of 323 and 437266.
19
Calculate the highest common divisor of 20414436 and 2128.
532
Calculate the greatest common factor of 16183352 and 776.
8
Calculate the highest common divisor of 797730515 and 10.
5
What is the highest common divisor of 44 and 3930300?
44
What is the highest common factor of 18224 and 2062729?
1139
What is the highest common factor of 1160345 and 1757510?
4855
What is the greatest common divisor of 23092160 and 10560?
320
What is the greatest common factor of 10290 and 9990?
30
Calculate the greatest common factor of 324 and 5418132.
12
What is the highest common divisor of 130 and 13373410?
10
What is the greatest common divisor of 3600846 and 32128?
502
What is the highest common divisor of 198 and 419053?
1
What is the greatest common divisor of 190 and 4410760?
10
What is the highest common divisor of 46768 and 6068?
148
What is the greatest common divisor of 4384 and 1536?
32
What is the highest common divisor of 621 and 5377377?
69
Calculate the highest common factor of 69948 and 129852.
36
Calculate the greatest common factor of 10169440 and 4320.
160
Calculate the highest common divisor of 322 and 204440362.
14
Calculate the greatest common factor of 7715 and 382231960.
7715
What is the greatest common divisor of 670 and 6136?
2
What is the greatest common divisor of 146461 and 1670753?
343
What is the highest common divisor of 8305932 and 24?
12
What is the highest common factor of 12775004 and 10945?
2189
Calculate the greatest common divisor of 889998 and 21187014.
4218
Calculate the highest common divisor of 1100 and 1098525.
25
What is the highest common factor of 420 and 3668910?
210
What is the greatest common divisor of 476 and 4311727?
119
What is the greatest common divisor of 36215925 and 735?
15
Calculate the highest common divisor of 26232206 and 1001.
1001
What is the greatest common factor of 318961 and 236318?
683
Calculate the greatest common factor of 20 and 1368205.
5
Calculate the greatest common divisor of 26255 and 17495.
5
Calculate the greatest common factor of 646650 and 5760.
90
What is the highest common factor of 40131 and 129997?
343
Calculate the greatest common factor of 115515 and 289935.
765
What is the highest common factor of 61076090 and 10?
10
What is the greatest common factor of 140880 and 136320?
240
Calculate the greatest common divisor of 1530 and 1340610.
30
What is the greatest common divisor of 1456 and 1267994?
182
What is the highest common factor of 304623267 and 403?
403
Calculate the greatest common factor of 10586326 and 1802.
106
What is the highest common factor of 24 and 104694008?
8
Calculate the greatest common factor of 12931443 and 147.
147
Calculate the greatest common divisor of 9 and 10178169.
3
What is the highest common factor of 15660 and 59950830?
870
Calculate the greatest common factor of 4865 and 4613966.
973
What is the greatest common factor of 17056 and 10974880?
1312
What is the greatest common divisor of 13054